{"id":123,"date":"2024-08-14T09:50:06","date_gmt":"2024-08-14T07:50:06","guid":{"rendered":"https:\/\/www.vivrelie.com\/?page_id=123"},"modified":"2024-08-14T09:50:06","modified_gmt":"2024-08-14T07:50:06","slug":"le-voyage-des-bulles-dame","status":"publish","type":"page","link":"https:\/\/www.vivrelie.com\/index.php\/le-voyage-des-bulles-dame\/","title":{"rendered":"Le Voyage des Bulles d&rsquo;\u00c2me"},"content":{"rendered":"\n<h3 class=\"wp-block-heading\" id=\"block-5601b3b2-676c-4497-9093-deb562c2c902\"><strong>Au Commencement : Le \u00ab\u00a0Grand Tout\u00a0\u00bb<\/strong><\/h3>\n\n\n\n<p id=\"block-ae0137c5-1ef9-430c-b213-194ea4dee196\">Au commencement des temps, bien avant que l&rsquo;univers tel que nous le connaissons n&rsquo;exist\u00e2t, il y avait le \u00ab\u00a0Grand Tout\u00a0\u00bb. Ce \u00ab\u00a0Grand Tout\u00a0\u00bb n&rsquo;\u00e9tait ni un lieu, ni une chose, ni m\u00eame un concept limit\u00e9 par nos perceptions humaines. C&rsquo;\u00e9tait une immanence pure, une globalit\u00e9 infinie compos\u00e9e de myriades de petites bulles, l\u00e9g\u00e8res comme des bulles de savon, mais paradoxalement robustes, r\u00e9sistantes aux \u00e9preuves de l&rsquo;\u00e9ternit\u00e9. Ces bulles \u00e9taient des fragments de consciences uniques, des \u00e2mes la\u00efques constituant un \u00ab\u00a0Je universel\u00a0\u00bb qui englobait tout, dans une harmonie parfaite, sans besoin de mots ni de temps.<\/p>\n\n\n\n<p id=\"block-f46fbac5-1324-4d33-a569-2720b7be4ef2\">Chaque bulle d\u2019\u00e2me savait instinctivement qu&rsquo;elle faisait partie d&rsquo;un ensemble plus vaste, qu&rsquo;elle n&rsquo;\u00e9tait qu&rsquo;une manifestation parmi tant d&rsquo;autres d&rsquo;une unit\u00e9 globale. Elles flottaient, interconnect\u00e9es par des liens invisibles, dans une danse cosmique qui formait l&rsquo;essence m\u00eame du \u00ab\u00a0Grand Tout\u00a0\u00bb.<\/p>\n\n\n\n<h3 class=\"wp-block-heading\" id=\"block-10a99814-4fb5-47dc-9fe2-0fa11844c757\"><strong>La Grande S\u00e9paration : L&rsquo;Individuation des \u00c2mes<\/strong><\/h3>\n\n\n\n<p id=\"block-101449b5-9aef-4010-8a3b-93f816a4ddeb\">Vint le jour de \u00ab\u00a0La Grande S\u00e9paration\u00a0\u00bb, un \u00e9v\u00e9nement qui bouleversa l&rsquo;univers et l&rsquo;ordre \u00e9tabli. Les petites bulles, autrefois fusionn\u00e9es dans une conscience collective, furent dispers\u00e9es \u00e0 travers l&rsquo;infini. Chaque bulle d\u2019\u00e2me, maintenant individualis\u00e9e, se retrouva consciente de sa propre existence, mais aussi de sa solitude. Les liens instinctifs de l&rsquo;interconnexion firent place \u00e0 une interd\u00e9pendance consciente, o\u00f9 chaque bulle devait maintenant naviguer seule, tout en cherchant \u00e0 recr\u00e9er les liens perdus.<\/p>\n\n\n\n<p id=\"block-4b601793-f18d-4a60-a4e6-331c197d4965\">Ces \u00e2mes la\u00efques se regroup\u00e8rent en agr\u00e9gats, prenant des formes et des lieux vari\u00e9s : comme des gouttes dans l\u2019oc\u00e9an, des particules volatiles dans les nuages, et d&rsquo;autres encore les \u00e9l\u00e9ments dans la terre au creux des racines des arbres. Bien que dissoci\u00e9es, toutes partageaient un m\u00eame d\u00e9sir profond : retrouver la pl\u00e9nitude du \u00ab\u00a0Je universel\u00a0\u00bb perdu. Mais comment r\u00e9tablir cette connexion ?<\/p>\n\n\n\n<p id=\"block-ad2e5c02-03a0-4d7b-84dd-4ceb706676f0\">La r\u00e9ponse fut les \u00ab\u00a0Missions d&rsquo;\u00e2mes\u00a0\u00bb. Chaque bulle d\u2019\u00e2me, en tant que \u00ab\u00a0je\u00a0\u00bb individualis\u00e9, comprit que pour retrouver et recr\u00e9er le \u00ab\u00a0Grand Tout\u00a0\u00bb, elle devait d&rsquo;abord se conna\u00eetre elle-m\u00eame et apprendre \u00e0 se reconnecter aux autres. Ainsi, chaque \u00e2me s\u2019attribua une mission unique, un chemin personnel pour enrichir sa conscience et, par extension, celle du futur Grand Tout.<\/p>\n\n\n\n<h3 class=\"wp-block-heading\" id=\"block-7068ca8b-eaab-4d73-b174-3dc89ca3b203\"><strong>3 &#8211; Les Missions d&rsquo;\u00c2mes : La Qu\u00eate de Soi<\/strong><\/h3>\n\n\n\n<p id=\"block-ce61cb6b-ae7c-4357-a1be-74a2f0ea1e6a\">Pour accomplir ces missions, les \u00e2mes devaient s&rsquo;incarner dans des corps humains. Cependant, cette incarnation s&rsquo;accompagnait d&rsquo;une lourde cons\u00e9quence : la \u00ab\u00a0Grande Amn\u00e9sie\u00a0\u00bb. En s&rsquo;incarnant, chaque \u00e2me oubliait son existence pass\u00e9e, sa mission, et m\u00eame la r\u00e9alit\u00e9 du \u00ab\u00a0Grand Tout\u00a0\u00bb. \u00c0 la place, elle se retrouvait pi\u00e9g\u00e9e dans un \u00ab\u00a0faux je\u00a0\u00bb, une illusion fa\u00e7onn\u00e9e par l&rsquo;ego humain. Cet ego, avec sa puissante armure, s&rsquo;imposait comme la seule r\u00e9alit\u00e9, proclamant haut et fort son \u00ab\u00a0moi je\u00a0\u00bb, ignorant d\u00e9lib\u00e9r\u00e9ment tout ce qui pouvait le relier \u00e0 l&rsquo;univers.<\/p>\n\n\n\n<h3 class=\"wp-block-heading\" id=\"block-55b06806-ae85-438c-bd34-72c9d7319a44\"><strong>4 &#8211; L\u2019\u00c9veil : La Red\u00e9couverte de Soi<\/strong><\/h3>\n\n\n\n<p id=\"block-e818c46d-0444-4985-99e9-c73b6fd061bc\">Malgr\u00e9 cette amn\u00e9sie et la domination de l&rsquo;ego, les vraies \u00e2mes, les \u00ab\u00a0vrais je\u00a0\u00bb, n&rsquo;\u00e9taient pas compl\u00e8tement perdues. Au plus profond de chaque \u00eatre humain, il restait une \u00e9tincelle, une r\u00e9miniscence du \u00ab\u00a0Grand Tout\u00a0\u00bb. Cette \u00e9tincelle poussait les \u00e2mes \u00e0 chercher, \u00e0 comprendre, et \u00e0 se reconnecter \u00e0 leur v\u00e9ritable essence.<\/p>\n\n\n\n<p id=\"block-749e2866-d859-4f0c-a943-06a6bc840aa5\">Le chemin vers cette red\u00e9couverte \u00e9tait ardu, sem\u00e9 d&#8217;emb\u00fbches, et pouvait n\u00e9cessiter de nombreuses incarnations. Mais chaque incarnation de vie, chaque exp\u00e9rience v\u00e9cue, chaque d\u00e9fi relev\u00e9 \u00e9tait une petite victoire, un pas de plus vers l&rsquo;accomplissement de la mission d&rsquo;\u00e2me. Petit \u00e0 petit, incarnation apr\u00e8s incarnation, les pens\u00e9es de l\u2019esprit humain, \u00e0 l\u2019origine de la puissance de l&rsquo;ego, s&rsquo;affaiblissaient, et le \u00ab\u00a0faux je\u00a0\u00bb commen\u00e7ait \u00e0 s&rsquo;effacer, laissant place \u00e0 la v\u00e9ritable nature de l&rsquo;\u00e2me, le \u201cvrai Je\u201d.<\/p>\n\n\n\n<p id=\"block-343e5242-d6a9-4272-a8a1-0594adb580a0\">Le hasard n&rsquo;existait pas dans ce grand sch\u00e9ma cosmique. Les rencontres soudaines, les amiti\u00e9s profondes, les amours instantan\u00e9s, tous ces liens inexplicables \u00e9taient en r\u00e9alit\u00e9 des retrouvailles inconscientes entre bulles issues du m\u00eame agr\u00e9gat. Des \u00e2mes qui avaient partag\u00e9 les m\u00eames choix de mission avant la Grande Amn\u00e9sie. Ces moments de reconnexion \u00e9taient des signes que la conscience collective globale \u00e9tait en train de se reconstruire.<\/p>\n\n\n\n<p id=\"block-e23dde4f-2676-4017-baad-fe10fd865d36\">Aujourd&rsquo;hui, une infinit\u00e9 de missions d&rsquo;\u00e2mes sont en cours, chacune contribuant \u00e0 recr\u00e9er un Grand Tout, plus vaste, plus lumineux, et plus conscient que celui d&rsquo;origine. Nous y participons en nous \u00e9veillant, en r\u00e9alisant que nous ne sommes pas nos pens\u00e9es, pour permettre \u00e0 notre \u00ab\u00a0vrai je\u00a0\u00bb de guider nos vies. Car en v\u00e9rit\u00e9, chaque exp\u00e9rience, chaque \u00e9motion, chaque interaction fait partie du chemin vers la r\u00e9-unification.<\/p>\n\n\n\n<h3 class=\"wp-block-heading\" id=\"block-ac23985a-54ab-4197-84dd-9c9b77d95aa0\"><strong>5 &#8211; Conclusion : Vers la R\u00e9union des \u00c2mes<\/strong><\/h3>\n\n\n\n<p id=\"block-719bde38-9ff8-407e-aa7e-373f09d995a3\">Ainsi, toutes ces petites bulles d&rsquo;\u00e2me, dispers\u00e9es dans l&rsquo;immensit\u00e9 de l&rsquo;univers, retrouveront un jour leur chemin vers la pl\u00e9nitude du Grand Tout, plus grand, enrichi de toutes les exp\u00e9riences humaines, et de toutes les consciences.<\/p>\n\n\n\n<p>Claire Bernier<\/p>\n","protected":false},"excerpt":{"rendered":"<p>Au Commencement : Le \u00ab\u00a0Grand Tout\u00a0\u00bb Au commencement des temps, bien avant que l&rsquo;univers tel que nous le connaissons n&rsquo;exist\u00e2t, [&hellip;]<\/p>\n","protected":false},"author":1,"featured_media":0,"parent":0,"menu_order":0,"comment_status":"closed","ping_status":"closed","template":"","meta":{"site-sidebar-layout":"default","site-content-layout":"","ast-site-content-layout":"","site-content-style":"default","site-sidebar-style":"default","ast-global-header-display":"","ast-banner-title-visibility":"","ast-main-header-display":"","ast-hfb-above-header-display":"","ast-hfb-below-header-display":"","ast-hfb-mobile-header-display":"","site-post-title":"","ast-breadcrumbs-content":"","ast-featured-img":"","footer-sml-layout":"","theme-transparent-header-meta":"","adv-header-id-meta":"","stick-header-meta":"","header-above-stick-meta":"","header-main-stick-meta":"","header-below-stick-meta":"","astra-migrate-meta-layouts":"default","ast-page-background-enabled":"default","ast-page-background-meta":{"desktop":{"background-color":"var(--ast-global-color-4)","background-image":"","background-repeat":"repeat","background-position":"center center","background-size":"auto","background-attachment":"scroll","background-type":"","background-media":"","overlay-type":"","overlay-color":"","overlay-opacity":"","overlay-gradient":""},"tablet":{"background-color":"","background-image":"","background-repeat":"repeat","background-position":"center center","background-size":"auto","background-attachment":"scroll","background-type":"","background-media":"","overlay-type":"","overlay-color":"","overlay-opacity":"","overlay-gradient":""},"mobile":{"background-color":"","background-image":"","background-repeat":"repeat","background-position":"center center","background-size":"auto","background-attachment":"scroll","background-type":"","background-media":"","overlay-type":"","overlay-color":"","overlay-opacity":"","overlay-gradient":""}},"ast-content-background-meta":{"desktop":{"background-color":"var(--ast-global-color-5)","background-image":"","background-repeat":"repeat","background-position":"center center","background-size":"auto","background-attachment":"scroll","background-type":"","background-media":"","overlay-type":"","overlay-color":"","overlay-opacity":"","overlay-gradient":""},"tablet":{"background-color":"var(--ast-global-color-5)","background-image":"","background-repeat":"repeat","background-position":"center center","background-size":"auto","background-attachment":"scroll","background-type":"","background-media":"","overlay-type":"","overlay-color":"","overlay-opacity":"","overlay-gradient":""},"mobile":{"background-color":"var(--ast-global-color-5)","background-image":"","background-repeat":"repeat","background-position":"center center","background-size":"auto","background-attachment":"scroll","background-type":"","background-media":"","overlay-type":"","overlay-color":"","overlay-opacity":"","overlay-gradient":""}},"footnotes":""},"class_list":["post-123","page","type-page","status-publish","hentry"],"_links":{"self":[{"href":"https:\/\/www.vivrelie.com\/index.php\/wp-json\/wp\/v2\/pages\/123","targetHints":{"allow":["GET"]}}],"collection":[{"href":"https:\/\/www.vivrelie.com\/index.php\/wp-json\/wp\/v2\/pages"}],"about":[{"href":"https:\/\/www.vivrelie.com\/index.php\/wp-json\/wp\/v2\/types\/page"}],"author":[{"embeddable":true,"href":"https:\/\/www.vivrelie.com\/index.php\/wp-json\/wp\/v2\/users\/1"}],"replies":[{"embeddable":true,"href":"https:\/\/www.vivrelie.com\/index.php\/wp-json\/wp\/v2\/comments?post=123"}],"version-history":[{"count":1,"href":"https:\/\/www.vivrelie.com\/index.php\/wp-json\/wp\/v2\/pages\/123\/revisions"}],"predecessor-version":[{"id":124,"href":"https:\/\/www.vivrelie.com\/index.php\/wp-json\/wp\/v2\/pages\/123\/revisions\/124"}],"wp:attachment":[{"href":"https:\/\/www.vivrelie.com\/index.php\/wp-json\/wp\/v2\/media?parent=123"}],"curies":[{"name":"wp","href":"https:\/\/api.w.org\/{rel}","templated":true}]}}